e o(-9).
-1817
Let z(j) = -172*j + 1024. Calculate z(7).
-180
Let p(t) = 123922*t + 2106634. Determine p(-17).
-40
Let p(i) = 27*i - 3537. Calculate p(128).
-81
Let a(g) = 23004*g - 851166. Calculate a(37).
-18
Let q(a) = 1197*a + 8577. Calculate q(-7).
198
Let o(d) = -d**2 - 5600*d - 501254. Give o(-91).
65
Let u(q) = 3*q**3 + 156*q**2 + 115*q - 1972. Give u(-51).
-34
Let x(p) = 5435*p + 135853. Determine x(-25).
-22
Let z(g) = 8016*g - 40049. Calculate z(5).
31
Let j(k) = k**3 - 15*k**2 + 12*k + 414. Give j(10).
34
Let u(t) = -t**2 + 5*t + 753. What is u(-23)?
109
Let w(k) = -4*k**2 + 87*k - 156. Calculate w(22).
-178
Let n(s) = 5*s**3 - 5*s**2 + 37*s + 3. Calculate n(0).
3
Let q(t) = -9*t**3 - 309*t**2 - 320*t + 629. Calculate q(1).
-9
Let o(p) = -13*p**2 - 159*p + 14475. What is o(-40)?
35
Let r(z) = 2*z**3 + 254*z**2 + 774*z + 3720. Calculate r(-124).
0
Let a(s) = 10*s**3 + 8*s**2 + 2*s - 62. Calculate a(-4).
-582
Let n(h) = -7*h**3 - 1147*h**2 + 173*h + 1450. Determine n(-164).
-26
Let d(k) = -34606*k + 5294777. Give d(153).
59
Let y(i) = -3*i**3 - 55*i**2 + 314*i + 3074. Determine y(-21).
8
Let c(f) = -5*f**3 + 41*f**2 - 5*f + 383. Determine c(9).
14
Let p(s) = 26717*s - 3019045. Give p(113).
-24
Let f(o) = o**2 - 42685*o + 213394. What is f(5)?
-6
Let z(o) = -200*o**2 - 471*o + 3221. Determine z(3).
8
Let h(s) = -79*s + 5831. Give h(75).
-94
Let j(d) = d**3 + 1013*d**2 + 16905*d - 466. Determine j(-17).
-7
Let v(c) = c**2 - 2482*c + 7427. What is v(3)?
-10
Let g(u) = -7*u**2 + 2431*u - 14544. Calculate g(6).
-210
Let t(a) = 4*a**2 - 2657*a + 16442. What is t(658)?
-8
Let n(g) = -14733*g + 16324176. Determine n(1108).
12
Let p(b) = b**3 + 8*b**2 - 425*b - 4101. What is p(-19)?
3
Let q(p) = 142*p + 3417. Calculate q(-21).
435
Let k(f) = 760*f**3 + 5*f**2 + 7*f - 2. What is k(-1)?
-764
Let i(m) = 47*m**3 - 28*m**2 + 34*m - 23. Give i(1).
30
Let f(z) = -5151*z + 3770523. Give f(732).
-9
Let g(o) = -792*o**2 - 324*o + 316. Calculate g(1).
-800
Let w(m) = -3*m**2 - 185*m - 747. Determine w(-54).
495
Let v(z) = z**3 - 18*z**2 + 7727*z - 147192. Determine v(19).
-18
Let s(t) = 3*t**2 + 837*t + 2829. Calculate s(-275).
-471
Let u(q) = -2*q**2 - 410*q + 11485. Calculate u(-230).
-15
Let m(f) = -f**2 - 123*f + 12784. Determine m(-197).
-1794
Let q(i) = -288*i + 5979. Calculate q(0).
5979
Let w(z) = z**3 - 83*z**2 - 728*z + 3. What is w(91)?
3
Let s(w) = w**3 + 27*w**2 - 275*w + 168. Calculate s(-35).
-7
Let o(f) = f**3 - 13*f**2 + 309*f - 3130. Give o(9).
-673
Let b(p) = -51435*p - 617077. Calculate b(-12).
143
Let w(n) = 97*n - 5481. What is w(77)?
1988
Let q(o) = -8109*o - 7285. Calculate q(-1).
824
Let y(f) = -4*f**2 - 2*f + 2150. Give y(0).
2150
Let n(t) = -341*t - 5099. What is n(-15)?
16
Let b(j) = j**3 - 30*j**2 - 652*j + 10096. Give b(40).
16
Let g(u) = 6*u**3 + 60*u**2 - 8*u + 145. Give g(-10).
225
Let k(g) = -181*g**2 + 150*g - 99. Determine k(1).
-130
Let n(s) = -1979*s + 9442. Determine n(5).
-453
Let q(y) = 352*y + 68252. What is q(-194)?
-36
Let y(i) = -464*i - 115564. Determine y(-249).
-28
Let g(p) = -3*p**3 - 305*p**2 - 6296*p - 1312. Determine g(-73).
2
Let k(w) = -32409*w - 14259956. Determine k(-440).
4
Let d(k) = 373*k**2 + 2482*k - 12475. What is d(-10)?
5
Let n(r) = 841*r + 38746. Give n(-46).
60
Let o(y) = -10*y**2 - 449*y + 32726. Calculate o(39).
5
Let u(t) = -t**2 - 37538*t + 375481. What is u(10)?
1
Let s(v) = -v**2 + 8115*v + 228011. Determine s(-28).
7
Let c(k) = -k**3 - 379*k**2 + 1566*k + 450687. Calculate c(-380).
7
Let f(s) = 1763*s**2 - 5*s - 11. Determine f(-1).
1757
Let l(u) = -108041*u + 756322. Calculate l(7).
35
Let p(z) = 411*z + 42643. Calculate p(-111).
-2978
Let u(g) = 480*g + 883. Calculate u(-5).
-1517
Let m(z) = -z**3 + 51*z**2 - 565*z - 635. Give m(31).
1070
Let d(c) = 10*c**2 - 707*c + 21. Give d(0).
21
Let u(t) = -t**2 - 52030*t + 312155. Determine u(6).
-61
Let g(j) = -13*j**2 + 180*j + 1075. Give g(21).
-878
Let t(g) = -19*g**3 + 555*g**2 + 455*g - 185. Give t(30).
-35
Let l(v) = 60*v**2 - 120*v - 177. Give l(3).
3
Let s(g) = g**3 + 342*g**2 - 6470*g - 144. Calculate s(18).
36
Let b(d) = -2123*d + 89152. Determine b(42).
-14
Let p(a) = 15568*a + 78665. Calculate p(-5).
825
Let m(z) = z**3 - 39*z**2 - 84*z + 262. Determine m(41).
180
Let r(t) = -12*t**2 - 65*t + 392. Give r(4).
-60
Let f(m) = 92*m**2 + 272*m - 34. Determine f(-3).
-22
Let o(g) = 11266*g - 2061698. Give o(183).
-20
Let i(a) = -42*a**3 + 7393*a**2 - 183*a - 503. What is i(176)?
-1735
Let q(i) = -33253*i + 2926266. Give q(88).
2
Let x(j) = -13*j**2 + 133*j + 1743. What is x(18)?
-75
Let a(l) = 3*l**2 - 5638*l + 177378. Determine a(32).
34
Let w(f) = 455*f + 7390. What is w(-16)?
110
Let g(w) = w**2 + 81*w - 892. Determine g(-102).
1250
Let n(o) = -3*o**3 + 115*o + 353. Calculate n(-4).
85
Let p(b) = 4*b**3 + 2797*b**2 - 16209*b + 4226. Calculate p(-705).
-4
Let y(m) = m**2 - 94*m + 1934. What is y(37)?
-175
Let a(v) = 1630*v - 40753. Calculate a(25).
-3
Let x(l) = -173*l**2 - 4097*l - 24094. What is x(-11)?
40
Let q(v) = -2207*v + 2710. What is q(1)?
503
Let w(g) = -69*g**2 + 22046*g + 44371. What is w(-2)?
3
Let h(q) = 8253*q - 1097676. What is h(133)?
-27
Let z(g) = -794*g - 5166. Determine z(-8).
1186
Let q(t) = -20*t**2 + 2415*t + 116731. Determine q(-37).
-4
Let g(i) = 16055*i + 497672. Give g(-31).
-33
Let b(l) = -131991*l + 10559286. Give b(80).
6
Let m(h) = -404*h + 62123. Give m(154).
-93
Let b(g) = g**2 + 826*g + 35824. Give b(-46).
-56
Let l(a) = -a**2 + 85*a + 1714. Determine l(100).
214
Let s(p) = 6*p**2 - 11677*p - 1331102. Calculate s(-108).
-2
Let j(g) = -5838*g - 41375. What is j(-7)?
-509
Let h(s) = -s**3 + 237*s**2 - 2038*s - 3241. Calculate h(228).
-49
Let t(f) = 76*f**3 + 5*f**2 + 8*f - 40. Give t(2).
604
Let f(s) = -189*s - 66. Determine f(3).
-633
Let v(h) = -30012*h - 960411. Give v(-32).
-27
Let z(m) = 3*m**3 - 45*m**2 - 2658*m + 39891. What is z(15)?
21
Let v(a) = -a**2 + 185394*a - 2966059. Give v(16).
-11
Let y(p) = -p**3 + 94*p**2 - 437*p - 651. Determine y(89).
61
Let k(d) = 4*d**3 + 33*d**2 + 87*d + 426. Determine k(-8).
-206
Let z(n) = -58998*n + 17758396. Give z(301).
-2
Let z(h) = -h**2 - 3530*h - 31876. Give z(-9).
-187
Let s(p) = 13*p**3 - 218*p**2 + 159*p + 20. Give s(16).
4
Let z(y) = 43*y - 7455. Calculate z(181).
328
Let q(y) = y**3 - 422*y**2 - 13561*y + 437. Determine q(452).
-15
Let w(c) = c**3 - 79*c**2 + 1126*c - 6. What is w(17)?
1218
Let r(n) = -6*n**3 + 71*n**2 + 78*n - 787. Give r(12).
5
Let k(s) = -5*s**3 - 258*s**2 - 3092*s + 90. What is k(-19)?
-5
Let l(i) = 254*i**2 - 2011*i - 142. Give l(8).
26
Let g(q) = -61*q**2 - 89*q - 65. What is g(4)?
-1397
Let d(y) = -84*y**2 + 6299*y + 30. Determine d(75).
-45
Let u(i) = -15*i**2 + 651*i - 86. What is u(43)?
172
Let j(v) = v**3 + 3*v**2 - 68*v - 119. What is j(8)?
41
Let u(g) = 25*g**2 - 1611*g + 270. Give u(64).
-434
Let k(u) = -158*u - 34463. What is k(-217)?
-177
Let c(o) = o**3 + 11*o**2 - 326*o - 3777. Give c(-11).
-191
Let y(w) = 2150*w**2 - 230052*w + 222. Determine y(107).
8
Let r(p) = -2*p**2 - 1409*p - 8440. Determine r(-6).
-58
Let c(l) = l**2 - 1326*l - 10714. Determine c(-8).
-42
Let p(f) = f**2 - 256*f + 16418. Determine p(97).
995
Let g(l) = -30*l**2 + 57*l - 104. Calculate g(2).
-110
Let y(h) = 2*h**3 - 382*h**2 + 2242*h - 4000. Determine y(185).
70
Let r(z) = 6208*z - 92616. Give r(15).
504
Let s(x) = -5*x**3 - 47*x**2 + 150*x - 11. Determine s(-12).
61
Let l(y) = 3*y**3 - 24*y**2 - 4056*y + 98. Give l(-33).
-1
Let l(b) = 1810*b**2 + 36189*b - 17. Give l(-20).
203
Let x(h) = 74745*h - 1569684. Give x(21).
-39
Let z(w) = 57*w + 578. Calculate z(-33).
-1303
Let t(z) = -77540*z - 620316. Give t(-8).
4
Let s(d) = -2*d**3 + 27*d**2 + 106*d - 411. Determine s(16).
5
Let s(w) = -42198*w + 168901. Determine s(4).
109
Let b(s) = -s**3 + 35*s**2 + 1070*s - 2297. Calculate b(54).
79
Let k(i) = i**3 + 33*i**2 - 2165*i - 402. What is k(33)?
27
Let b(o) = -10524*o + 915580. What is b(87)?
-8
Let x(d) = -3*d**2 - 1178*d - 22719. Give x(-20).
-359
Let s(d) = 3762*d - 752400. Give s(200).
0
Let k(v) = 28*v - 1290. Give k(-6).
-1458
Let t(l) = 20*l**3 + 204*l**2 - 461*l - 20. What is t(2)?
34
Let i(o) = 1437506*o + 2875015. What is i(